git of 2322830?
2
What is the millions digit of 20183015?
0
What is the hundreds digit of 12078562?
5
What is the tens digit of 210066?
6
What is the hundreds digit of 744940?
9
What is the millions digit of 2200021?
2
What is the millions digit of 1198461?
1
What is the tens digit of 15119132?
3
What is the thousands digit of 9319751?
9
What is the tens digit of 243715?
1
What is the tens digit of 693703?
0
What is the hundred thousands digit of 15344403?
3
What is the tens digit of 2934124?
2
What is the hundreds digit of 189082?
0
What is the hundreds digit of 669566?
5
What is the hundred thousands digit of 22625212?
6
What is the hundred thousands digit of 33570827?
5
What is the hundred thousands digit of 168216?
1
What is the tens digit of 804913?
1
What is the hundred thousands digit of 22639557?
6
What is the units digit of 176316?
6
What is the ten thousands digit of 1293031?
9
What is the thousands digit of 8340404?
0
What is the thousands digit of 25278042?
8
What is the hundred thousands digit of 7611298?
6
What is the thousands digit of 1205711?
5
What is the thousands digit of 331160?
1
What is the tens digit of 834984?
8
What is the hundred thousands digit of 1704280?
7
What is the ten thousands digit of 764121?
6
What is the hundred thousands digit of 1605145?
6
What is the thousands digit of 838097?
8
What is the tens digit of 8683103?
0
What is the thousands digit of 15299113?
9
What is the hundreds digit of 1035754?
7
What is the ten thousands digit of 142425?
4
What is the units digit of 8954296?
6
What is the hundreds digit of 2686347?
3
What is the ten thousands digit of 79663?
7
What is the tens digit of 566732?
3
What is the thousands digit of 656807?
6
What is the thousands digit of 1997874?
7
What is the tens digit of 197510?
1
What is the tens digit of 1640380?
8
What is the hundred thousands digit of 9474674?
4
What is the units digit of 8090249?
9
What is the tens digit of 53604?
0
What is the thousands digit of 1023947?
3
What is the tens digit of 74571?
7
What is the ten thousands digit of 334462?
3
What is the units digit of 18269762?
2
What is the tens digit of 741479?
7
What is the ten thousands digit of 516715?
1
What is the hundreds digit of 661279?
2
What is the hundred thousands digit of 3193138?
1
What is the tens digit of 179451?
5
What is the tens digit of 393366?
6
What is the ten thousands digit of 202866?
0
What is the ten thousands digit of 213502?
1
What is the tens digit of 18541311?
1
What is the hundred thousands digit of 941674?
9
What is the units digit of 8120425?
5
What is the hundreds digit of 5359740?
7
What is the ten thousands digit of 4222784?
2
What is the millions digit of 1496666?
1
What is the tens digit of 50005?
0
What is the millions digit of 23274509?
3
What is the thousands digit of 439555?
9
What is the ten thousands digit of 15130082?
3
What is the hundreds digit of 169786?
7
What is the millions digit of 4238204?
4
What is the thousands digit of 47903?
7
What is the hundred thousands digit of 13635158?
6
What is the millions digit of 2056568?
2
What is the hundred thousands digit of 279246?
2
What is the thousands digit of 376243?
6
What is the hundreds digit of 383023?
0
What is the thousands digit of 2731858?
1
What is the hundreds digit of 2675158?
1
What is the hundred thousands digit of 1439523?
4
What is the units digit of 2663123?
3
What is the tens digit of 479986?
8
What is the ten thousands digit of 1153737?
5
What is the thousands digit of 4287059?
7
What is the ten thousands digit of 26265660?
6
What is the units digit of 1372989?
9
What is the hundred thousands digit of 11026742?
0
What is the hundred thousands digit of 1291689?
2
What is the ten thousands digit of 524970?
2
What is the units digit of 255878?
8
What is the tens digit of 20711534?
3
What is the units digit of 175178?
8
What is the hundreds digit of 289848?
8
What is the hundred thousands digit of 4542225?
5
What is the tens digit of 2206659?
5
What is the tens digit of 4182875?
7
What is the ten thousands digit of 1576938?
7
What is the hundreds digit of 27388495?
4
What is the units digit of 117320?
0
What is the tens digit of 1508176?
7
What is the tens digit of 393162?
6
What is the thousands digit of 10711706?
1
What is the units digit of 1025260?
0
What is the hundred thousands digit of 9847832?
8
What is the ten thousands digit of 13216?
1
What is the ten thousands digit of 12483289?
8
What is the hundreds digit of 2270013?
0
What is the tens digit of 1041501?
0
What is the tens digit of 9467775?
7
What is the units digit of 353368?
8
What is the units digit of 4047095?
5
What is the units digit of 141775?
5
What is the tens digit of 19163316?
1
What is the ten thousands digit of 52725?
5
What is the hundred thousands digit of 5092872?
0
What is the thousands digit of 306974?
6
What is the hundreds digit of 104746?
7
What is the tens digit of 1172289?
8
What is the units digit of 665923?
3
What is the hundred thousands digit of 104037?
1
What is the hundreds digit of 304380?
3
What is the ten thousands digit of 20003221?
0
What is the ten millions digit of 16972675?
1
What is the thousands digit of 7043849?
3
What is the tens digit of 8185601?
0
What is the units digit of 544850?
0
What is the thousands digit of 4009263?
9
What is the ten thousands digit of 26886?
2
What is the units digit of 9186810?
0
What is the tens digit of 269540?
4
What is the units digit of 482210?
0
What is the thousands digit of 1137994?
7
What is the thousands digit of 1642854?
2
What is the units digit of 4062?
2
What is the hundred thousands digit of 2734455?
7
What is the tens digit of 11490528?
2
What is the hundred thousands digit of 423970?
4
What is the ten thousands digit of 7192450?
9
What is the hundreds digit of 26768537?
5
What is the tens digit of 8240403?
0
What is the units digit of 237508?
8
What is the hundreds digit of 4798401?
4
What is the tens digit of 33378666?
6
What is the ten thousands digit of 162927?
6
What is the hundred thousands digit of 303601?
3
What is the hundred thousands digit of 1408455?
4
What is the hundreds digit of 12451443?
4
What is the hundred thousands digit of 27508596?
5
What is the tens digit of 505748?
4
What is the ten thousands digit of 3360892?
6
What is the hundreds digit of 577342?
3
What is the tens digit of 272887?
8
What is the hundreds digit of 3381953?
9
What is the thousands digit of 11432697?
2
What is the units digit of 944841?
1
What is the hundred thousands digit of 450104?
4
What is the thousands digit of 81293?
1
What is the millions digit of 5312759?
5
What is the hundred thousands digit of 889038?
8
What is the tens digit of 21858304?
0
What is the tens digit of 8795046?
4
What is the thousands digit of 227647?
7
What is the ten thousands digit of 954390?
5
What is the hundred thousands digit of 148818?
1
What is the ten thousands digit of 714072?
1
What is the tens digit of 590755?
5
What is the ten thousands digit of 19837021?
3
What is the hundreds digit of 16114217?
2
What is the thousands digit of 95551?
5
What is the hundred thousands digit of 954731?
9
What is the hundred thousands digit of 1765773?
7
What is the units digit of 70382?
2
What is the ten thousands digit of 1050689?
5
What is the hundred thousands digit of 863913?
8
What is the hundred thousands digit of 177415?
1
What is the units digit of 273475?
5
What is the millions digit of 3141438?
3
What is the ten millions digit of 27607597?
2
What is the hundreds digit of 8000621?
6
What is the thousands digit of 11984823?
4
What is the thousands digit of 856250?
6
What is the tens digit of 1051616?
1
What is the ten thousands digit of 829446?
2
What is the units digit of 7827010?
0
What is the ten thousands digit of 186188?
8
What is the tens digit of 29330?
3
What is the tens digit of 11984650?
5
What is the tens digit of 317023?
2
What is the hundred thousands digit of 14678624?
6
What is the thousands digit of 852806?
2
What is the thousands digit of 1050031?
0
What is the hundreds digit of 257229?
2
What is the thousands digit of 1275741?
5
What is the units digit of 22603200?
0
What is the thousands digit of 8666549?
6
What is the units digit of 1753487?
7
What is the th